e the prime factors of 2855005?
5, 571001
What are the prime factors of 262240?
2, 5, 11, 149
What are the prime factors of 1685268?
2, 3, 13, 277
What are the prime factors of 34297?
34297
List the prime factors of 875326.
2, 269, 1627
List the prime factors of 596433.
3, 198811
List the prime factors of 1806506.
2, 13, 69481
What are the prime factors of 268578?
2, 3, 43, 347
List the prime factors of 6354505.
5, 1270901
List the prime factors of 477688.
2, 29, 71
List the prime factors of 419536.
2, 13, 2017
What are the prime factors of 2913953?
7, 17, 47, 521
What are the prime factors of 67372?
2, 16843
List the prime factors of 13247.
13, 1019
What are the prime factors of 14356567?
14356567
What are the prime factors of 26510?
2, 5, 11, 241
List the prime factors of 55837.
55837
List the prime factors of 691348.
2, 7, 24691
What are the prime factors of 204591?
3, 47, 1451
What are the prime factors of 513717?
3, 109, 1571
What are the prime factors of 43849?
13, 3373
What are the prime factors of 118547?
11, 13, 829
What are the prime factors of 8584421?
8584421
What are the prime factors of 22173440?
2, 5, 17, 1019
What are the prime factors of 552516?
2, 3, 41, 1123
List the prime factors of 1506524.
2, 376631
What are the prime factors of 377809?
377809
List the prime factors of 499792.
2, 31237
List the prime factors of 134198.
2, 17, 3947
List the prime factors of 16502143.
7, 83, 28403
List the prime factors of 90882.
2, 3, 11, 17
List the prime factors of 137946.
2, 3, 83, 277
List the prime factors of 7814483.
7814483
What are the prime factors of 10079097?
3, 7, 479957
What are the prime factors of 4206604?
2, 37, 43, 661
What are the prime factors of 211871?
11, 17, 103
What are the prime factors of 153542?
2, 76771
What are the prime factors of 1336333?
1336333
What are the prime factors of 6208627?
6208627
List the prime factors of 636996.
2, 3, 109, 487
List the prime factors of 6161589.
3, 7, 10867
List the prime factors of 16984.
2, 11, 193
What are the prime factors of 668790?
2, 3, 5, 2477
What are the prime factors of 1138369?
1138369
What are the prime factors of 2043395?
5, 349, 1171
List the prime factors of 116863.
23, 5081
List the prime factors of 15276567.
3, 43, 118423
List the prime factors of 58215.
3, 5, 3881
What are the prime factors of 5241495?
3, 5, 7, 49919
List the prime factors of 8581327.
31, 276817
What are the prime factors of 19769616?
2, 3, 45763
What are the prime factors of 23373634?
2, 3049, 3833
What are the prime factors of 314101?
41, 47, 163
What are the prime factors of 15544701?
3, 1727189
List the prime factors of 372814.
2, 13, 1103
What are the prime factors of 29381537?
419, 70123
What are the prime factors of 3825541?
37, 103393
What are the prime factors of 260208?
2, 3, 13, 139
List the prime factors of 1538925.
3, 5, 17, 71
List the prime factors of 1062200.
2, 5, 47, 113
List the prime factors of 654502.
2, 327251
What are the prime factors of 95387?
17, 31, 181
List the prime factors of 830619.
3, 41, 2251
List the prime factors of 366281.
157, 2333
List the prime factors of 124363.
124363
List the prime factors of 217138.
2, 151, 719
List the prime factors of 7973393.
41, 113, 1721
What are the prime factors of 3031853?
11, 275623
List the prime factors of 472278.
2, 3, 78713
List the prime factors of 3476993.
13, 17, 15733
List the prime factors of 10690002.
2, 3, 197963
What are the prime factors of 186280?
2, 5, 4657
List the prime factors of 12229616.
2, 7, 19, 821
What are the prime factors of 1292240?
2, 5, 29, 557
List the prime factors of 7599559.
11, 690869
What are the prime factors of 353127?
3, 117709
What are the prime factors of 9552654?
2, 3, 58967
What are the prime factors of 56028?
2, 3, 7, 23, 29
What are the prime factors of 10567403?
7, 11, 137239
What are the prime factors of 1554357?
3, 7, 74017
What are the prime factors of 886227?
3, 17, 17377
List the prime factors of 36008702.
2, 223, 80737
List the prime factors of 517242.
2, 3, 11, 17, 461
What are the prime factors of 69057?
3, 7673
List the prime factors of 875128.
2, 109391
List the prime factors of 16322755.
5, 23, 141937
What are the prime factors of 6399312?
2, 3, 133319
What are the prime factors of 50101?
50101
What are the prime factors of 100411?
100411
List the prime factors of 14918.
2, 7459
List the prime factors of 30082026.
2, 3, 13, 43, 8969
List the prime factors of 7050444.
2, 3, 17, 19, 107
What are the prime factors of 1963342?
2, 523, 1877
List the prime factors of 1301437.
1301437
What are the prime factors of 791752?
2, 13, 23, 331
What are the prime factors of 2531867?
13, 59, 3301
What are the prime factors of 70986?
2, 3, 11831
What are the prime factors of 6755622?
2, 3, 467, 2411
List the prime factors of 16227254.
2, 19, 43, 9931
What are the prime factors of 659052?
2, 3, 18307
List the prime factors of 89663.
7, 12809
List the prime factors of 8994136.
2, 1124267
What are the prime factors of 102306?
2, 3, 17, 59
List the prime factors of 846894.
2, 3, 191, 739
What are the prime factors of 960638?
2, 7, 59, 1163
List the prime factors of 367818.
2, 3, 11, 5573
What are the prime factors of 568442?
2, 7, 19, 2137
What are the prime factors of 22451086?
2, 7, 1603649
List the prime factors of 313705.
5, 7, 8963
What are the prime factors of 2583791?
7, 19, 19427
What are the prime factors of 10753949?
23, 499, 937
What are the prime factors of 5408499?
3, 17, 173, 613
List the prime factors of 611992.
2, 227, 337
List the prime factors of 1597271.
13, 122867
What are the prime factors of 1170934?
2, 585467
List the prime factors of 278840.
2, 5, 6971
List the prime factors of 3063758.
2, 283, 5413
List the prime factors of 356845.
5, 23, 29, 107
List the prime factors of 282796.
2, 19, 61
List the prime factors of 51700.
2, 5, 11, 47
List the prime factors of 1332132.
2, 3, 31, 3581
What are the prime factors of 202264?
2, 131, 193
List the prime factors of 350901.
3, 127, 307
List the prime factors of 27275.
5, 1091
List the prime factors of 15084791.
47, 320953
List the prime factors of 1767041.
1767041
List the prime factors of 127200.
2, 3, 5, 53
What are the prime factors of 713696?
2, 22303
List the prime factors of 19238786.
2, 7, 31, 97, 457
What are the prime factors of 186553?
23, 8111
List the prime factors of 422499.
3, 7, 11, 31, 59
List the prime factors of 286006.
2, 7, 31, 659
What are the prime factors of 311310?
2, 3, 5, 1153
List the prime factors of 256991.
7, 36713
List the prime factors of 84279.
3, 13, 2161
List the prime factors of 59410.
2, 5, 13, 457
What are the prime factors of 14084186?
2, 7042093
What are the prime factors of 166694?
2, 11, 7577
List the prime factors of 3220240.
2, 5, 40253
List the prime factors of 7698730.
2, 5, 13, 59221
What are the prime factors of 233601?
3, 77867
What are the prime factors of 527497?
19, 27763
List the prime factors of 11714130.
2, 3, 5, 23, 5659
List the prime factors of 83074.
2, 73, 569
List the prime factors of 4504589.
233, 19333
List the prime factors of 6737858.
2, 41, 127, 647
List the prime factors of 11686104.
2, 3, 101, 1607
List the prime factors of 944546.
2, 472273
What are the prime factors of 120214?
2, 60107
What are the prime factors of 6157200?
2, 3, 5, 7, 733
List the prime factors of 4209495.
3, 5, 29, 9677
List the prime factors of 6961118.
2, 643, 5413
What are the prime factors of 4041179?
29, 331, 421
What are the prime factors of 202551?
3, 107, 631
What are the prime factors of 1255001?
11, 271, 421
List the prime factors of 506629.
506629
What are the prime factors of 2459762?
2, 1109
What are the prime factors of 240591?
3, 13, 31, 199
List the prime factors of 4303714.
2, 23, 93559
List the prime factors of 815285.
5, 41, 97
List the prime factors of 2082231.
3, 231359
What are the prime factors of 870597?
3, 7, 13, 1063
List the prime factors of 74478.
2, 3, 12413
List the prime factors of 93858.
2, 3, 15643
What are the prime factors of 658921?
97, 6793
What are the prime factors of 270223?
270223
What are the prime factors of 45251?
37, 1223
List the prime factors of 9094537.
9094537
What are the prime factors of 1054634?
2, 7, 71, 1061
List the prime factors